e -6*x = -5*x + 5*q - 36, 2*x = 4*q + 16. Let i be 212 + (10/(-2) - -3). Suppose -2*f = -9*f + i. Calculate the remainder when f is divided by x.
14
Let z = 98 - 71. Let l(h) = -2*h**3 - 5*h**2 + 6. Calculate the remainder when l(-5) is divided by z.
23
Let q(p) = -12*p + 6*p**2 - 181*p**3 - 7 + 182*p**3 + 5*p**2 - 2*p**2. Suppose 2*m - 32*m + 690 = 0. Calculate the remainder when m is divided by q(-10).
10
Suppose 0 = -4*s - 2*n + 320, -3*s + 2*n - 37 = -291. Suppose 0 = h - 4*z - 62, h + 3*z = -19 + 74. What is the remainder when s is divided by h?
24
Suppose -3*m + 2277 = -2*y, 3*y + 3035 = 28*m - 24*m. Calculate the remainder when m is divided by 51.
47
Let i = 25910 - 25700. Calculate the remainder when 1472 is divided by i.
2
Suppose 2*r = r + 35. Let y(v) = v + 35. Let i = 141 - 167. What is the remainder when r is divided by y(i)?
8
Suppose 5*u = 2*r + 4334, -47 = 2*r - 43. What is the remainder when u is divided by 107?
10
Suppose 34*k = -14*k + 1056. Calculate the remainder when ((-3)/3 - -76) + 1 is divided by k.
10
Calculate the remainder when 4/14 - (16 - 21408/42) is divided by 161.
11
Suppose 6*r + 4*y - 724 = 2*r, 4*r - 760 = 2*y. Calculate the remainder when r is divided by 63.
61
Let m be (-45)/27*(2 - 356). Let a be m/18 + (-6)/(-27). Suppose 0 = 4*z - a + 1. What is the remainder when 29 is divided by z?
5
Let u(k) = k**3 + 7*k**2 - 6. Let p be u(-4). Suppose 2*d - 4*t - 24 = 0, 0 = 5*d - 0*d - t - p. Calculate the remainder when 14 is divided by d.
6
Let g = -510 - 666. What is the remainder when g/(-20)*(9/2 + -2) is divided by 50?
47
Let n(u) = -46*u**2 + 503*u - 9. Calculate the remainder when n(7) is divided by 115.
108
Let y = 1064 - 756. Calculate the remainder when y is divided by 112.
84
What is the remainder when 463 is divided by (-15)/(750/(-320)) - (-4)/(-10) - 5?
0
Suppose 17 = -4*r + f + 2, -9 = -3*f. Calculate the remainder when 23 is divided by (-21)/(-28)*(-92)/r.
0
Let r = -7714 + 7761. Let v(s) = 2*s + 13. Let o be v(6). Let t = o + -15. What is the remainder when r is divided by t?
7
Suppose 5*q + 4*p - 449 = 0, 4*p - 12 = 7*p. Calculate the remainder when 10598 is divided by q.
89
Let n(w) = -15*w**2 - 2. Let h be n(-3). Let p = -99 - h. What is the remainder when 113 is divided by p?
37
Let y = 94 - 179. Let l = -62 - y. What is the remainder when 298 is divided by l?
22
Suppose 352 - 1122 = -14*p. Let q(v) = 41*v**2 - v - 2. What is the remainder when q(2) is divided by p?
50
Let q = -98 + 99. Let c(l) = 44*l**3 + l**2 - 7*l + 5. What is the remainder when c(q) is divided by 33?
10
Let d(j) be the second derivative of j**5/20 + 5*j**4/6 - 5*j**3/2 - 18*j**2 + 235*j. What is the remainder when 47 is divided by d(-11)?
7
Let o be ((-6)/12)/(6/864). Suppose 2*y + 6 + 40 = 0. Let a = y - o. Calculate the remainder when a is divided by 25.
24
Suppose 4*i + 4*v = 2*v + 20, 0 = -2*i + 5*v + 10. Suppose -6*k + 313 = -i. Let r = k + -41. What is the remainder when 47 is divided by r?
11
Let p = 2670 + -2634. Calculate the remainder when 1437 is divided by p.
33
Suppose 0 = 5*g - 3*o - 170, 118 = 3*g - 16*o + 11*o. Calculate the remainder when 853 is divided by g.
16
Let t(b) = 5*b**2 - 60*b - 192. Calculate the remainder when 373 is divided by t(-3).
10
Suppose 4*a = -0*a - 8. Let u be 14*a*(-4)/56*-6. What is the remainder when (5 - (-6)/u)*4/3 is divided by 2?
0
Suppose 214*i + 978 = 217*i - 3*d, 0 = -5*i - 4*d + 1693. Calculate the remainder when i is divided by 86.
75
Let w(j) = 13*j**2 - 80*j - 633. Calculate the remainder when 575 is divided by w(-7).
11
Let h(y) be the second derivative of -15*y**4/4 - y**3/2 + 9*y**2/2 + 2*y. Let t be h(5). What is the remainder when 142 is divided by (4/(-6))/(26/t)?
26
Let j(o) = 7*o + 81. Let a be j(-11). What is the remainder when ((-70)/(-4) + 12 + -9)*a is divided by 8?
2
Let k = -103 - -139. Calculate the remainder when k is divided by 41/(-6)*-3 + (-9)/6.
17
Let h(n) be the second derivative of -2*n**3 - 48*n**2 - 34*n. Calculate the remainder when 70 is divided by h(-11).
34
Suppose 2*h - 2*w = -4*w + 11326, -2*h + 4*w + 11296 = 0. What is the remainder when h is divided by 96?
90
Let l = 2015 - 1750. Calculate the remainder when l is divided by 74.
43
Suppose -23 = -2*p + 1. Suppose -4*h - 1096 = -3*d - 148, -3*d - p = 0. What is the remainder when (-9)/6*h/18 is divided by 11?
9
Calculate the remainder when -23 + 31 + -3 + 38 is divided by ((-67)/(-7) - -3) + (-20)/35.
7
Suppose 7*z - 211 = 97. Suppose -5*n + n = -8. Suppose 0 = n*b - 108 - 150. Calculate the remainder when b is divided by z.
41
Let k(v) = 2*v**2 + 84*v - 341. Calculate the remainder when k(-48) is divided by 26.
1
Suppose 47*p - 54*p + 28 = 0. Suppose p*y = -2*n + 166, 5*y - 5*n - 29 - 156 = 0. What is the remainder when 118 is divided by y?
38
Suppose 3*t - 3 = 2*t, 0 = 3*b + 3*t - 483. Suppose 7*a + 42*a = 243 + 737. What is the remainder when b is divided by a?
18
Suppose -16*s + 5*w + 404 = -12*s, -s - w = -101. What is the remainder when s is divided by 69?
32
Suppose -2*u - 8*u + 99 = u. Let y = 98 - 80. What is the remainder when y is divided by u?
0
Let v(i) = -2*i**3 + 2*i**2 - 21*i - 67. Calculate the remainder when v(-5) is divided by 88.
74
Let c(b) = b**3 + 5*b**2 - 11*b - 2. Let s be c(2). Suppose -180 = -s*h - h. Calculate the remainder when h is divided by 13.
10
Suppose -72 = 174*w - 178*w. Let q(i) = 12*i - 44. Suppose 4*l - 19 + 178 = 5*d, -66 = -2*d + l. Calculate the remainder when q(w) is divided by d.
32
Let i(k) = 13589*k - 81528. Let o(x) = -2*x**3 - 7*x**2 - 5*x - 2. What is the remainder when o(-4) is divided by i(6)?
4
Let o(m) = 48*m - 63. Let j be o(-4). Let u = 266 + j. What is the remainder when 87 is divided by u?
10
Let x(t) = 6*t**3 + 18*t**2 - 42*t + 10. What is the remainder when 1306 is divided by x(2)?
18
Suppose 0 = 2*o - 5*n - 1, -o - 3*n + 3 = -5*n. Let z = o - -7. What is the remainder when 298 is divided by z?
18
Let m(y) = -572*y - 515. Calculate the remainder when 110 is divided by m(-1).
53
Let q(b) = 3*b**3 - 34*b**2 + 15*b - 164. Calculate the remainder when q(12) is divided by 74.
8
Calculate the remainder when 2912 is divided by (34 + 47 - -1) + -1*5.
63
Suppose 2*s - 2 = 0, 0*i = 5*i - 3*s - 137. Let b(y) = -25*y**3 - 4*y**2 - 7*y - 4. What is the remainder when b(-2) is divided by i?
26
Let l(j) = j**3 - 123*j**2 - 521*j + 1675. Let v(m) = m + 2. What is the remainder when l(127) is divided by v(5)?
3
Let o(x) = -4*x**3 + 15*x + 19. Let n be o(-6). Suppose n = 44*w - 351. Calculate the remainder when 88 is divided by w.
10
Let r(w) = -w**3 + 4*w**2 + 158*w + 66. What is the remainder when 967 is divided by r(14)?
13
Calculate the remainder when (-9)/(-21) - (-461681)/1463 is divided by 8.
4
Calculate the remainder when 716 is divided by 45/18 - (-159)/6.
20
Suppose 0 = -3*b + 12, 0 = 2*l - 2*b - 0*b + 644. Let v = -275 - l. What is the remainder when v is divided by 26?
17
Suppose 4*v - h = 1163, -h - 858 - 596 = -5*v. Calculate the remainder when v is divided by 55.
16
Let z be 289/4 - (-1)/(-4). Suppose -22*a = -19*a - z. Suppose -n + 2*j - 5*j = -10, 5*j = -2*n + a. Calculate the remainder when n is divided by 6.
4
Let c be (-3 - -3)/5 + 0 + -4. Let k be (-402)/(c/(-3)*(-21)/14). Suppose -u + 4*u = k. What is the remainder when u is divided by 23?
21
Let b(a) = -141*a - 1559. Calculate the remainder when 396 is divided by b(-12).
130
Suppose u + 46 = -4*j, -3*j + 8*j - 206 = 3*u. Suppose -q - 821 = -4*z - 239, -2*z - 4*q = -282. Let k = z + u. What is the remainder when k is divided by 21?
20
What is the remainder when 718 is divided by ((-2964)/(-19))/(-39) + 239*1?
13
What is the remainder when 404 is divided by (-22)/(-6) - ((-35)/(-3) + (-8 - 3))?
2
Let d be (-6 - -4)*(-357)/14. Let s = 66 - d. Calculate the remainder when 100 is divided by s.
10
Let k = 10 + -3. Suppose 0 = -k*y + 11*y - 16. Suppose 3*p = b + 7, 3*b + 16 - 7 = -3*p. Calculate the remainder when y is divided by p.
0
Let p = 8669 - 4008. What is the remainder when p is divided by 14?
13
Suppose 5*w + 5*h + 22 = 2*w, -h - 18 = 4*w. Calculate the remainder when (2/w + 1)*(9 - -97) is divided by 20.
13
Let s be 24/18*3/(-2). Let q be s/4 + (-218)/(-4). What is th